1, 675839
What are the prime factors of 9039559?
9039559
What are the prime factors of 7386702?
2, 3, 463, 2659
List the prime factors of 5732327.
71, 80737
What are the prime factors of 219142?
2, 7, 11, 1423
List the prime factors of 8053567.
8053567
What are the prime factors of 676884?
2, 3, 13, 4339
List the prime factors of 6974761.
29, 240509
List the prime factors of 299738.
2, 73, 2053
List the prime factors of 204050.
2, 5, 7, 11, 53
List the prime factors of 749619.
3, 13, 43, 149
What are the prime factors of 798040?
2, 5, 71, 281
List the prime factors of 2671398.
2, 3, 148411
What are the prime factors of 2626775?
5, 105071
List the prime factors of 232212.
2, 3, 37, 523
List the prime factors of 186391.
186391
What are the prime factors of 29456?
2, 7, 263
What are the prime factors of 23856622?
2, 3331, 3581
What are the prime factors of 11932144?
2, 7, 106537
What are the prime factors of 420613?
420613
What are the prime factors of 106758?
2, 3, 659
What are the prime factors of 221230?
2, 5, 22123
List the prime factors of 7991555.
5, 11, 13, 11177
List the prime factors of 854320.
2, 5, 59, 181
List the prime factors of 11754646.
2, 5877323
What are the prime factors of 2795744?
2, 7, 1783
What are the prime factors of 387866?
2, 19, 59, 173
What are the prime factors of 10835785?
5, 43, 101, 499
List the prime factors of 31256084.
2, 29, 227, 1187
What are the prime factors of 143326?
2, 71663
List the prime factors of 1692237.
3, 29, 53, 367
What are the prime factors of 522250?
2, 5, 2089
What are the prime factors of 696712?
2, 73, 1193
What are the prime factors of 126216?
2, 3, 1753
List the prime factors of 3837805.
5, 41, 97, 193
List the prime factors of 12355943.
29, 53, 8039
What are the prime factors of 552383?
13, 42491
What are the prime factors of 14853688?
2, 191, 9721
What are the prime factors of 347230?
2, 5, 13, 2671
What are the prime factors of 14879373?
3, 131, 37861
What are the prime factors of 13298105?
5, 2659621
List the prime factors of 135692.
2, 33923
What are the prime factors of 7968372?
2, 3, 19, 34949
List the prime factors of 1956102.
2, 3, 97, 3361
What are the prime factors of 4722061?
23, 205307
List the prime factors of 83419.
7, 17, 701
What are the prime factors of 566160?
2, 3, 5, 7, 337
What are the prime factors of 2679507?
3, 99241
List the prime factors of 3935079.
3, 509, 859
What are the prime factors of 1489775?
5, 7, 8513
List the prime factors of 8305205.
5, 37, 44893
What are the prime factors of 99371?
99371
List the prime factors of 33784.
2, 41, 103
List the prime factors of 7541532.
2, 3, 69829
List the prime factors of 425289.
3, 17, 31, 269
List the prime factors of 43894.
2, 17, 1291
List the prime factors of 126674.
2, 63337
What are the prime factors of 5625831?
3, 1875277
What are the prime factors of 8840?
2, 5, 13, 17
What are the prime factors of 877788?
2, 3, 37, 659
What are the prime factors of 3488451?
3, 17, 73, 937
What are the prime factors of 11361245?
5, 7, 43, 7549
What are the prime factors of 4263150?
2, 3, 5, 97, 293
What are the prime factors of 3614647?
29, 124643
List the prime factors of 253126.
2, 67, 1889
List the prime factors of 364450.
2, 5, 37, 197
List the prime factors of 8523633.
3, 2841211
What are the prime factors of 458599?
458599
What are the prime factors of 158698?
2, 79349
List the prime factors of 22478515.
5, 163, 27581
What are the prime factors of 111510?
2, 3, 5, 7, 59
What are the prime factors of 20157413?
20157413
List the prime factors of 12213174.
2, 3, 17, 119737
List the prime factors of 8638201.
11, 13, 29, 2083
What are the prime factors of 1933484?
2, 7, 199, 347
List the prime factors of 10093417.
107, 94331
List the prime factors of 183935.
5, 36787
List the prime factors of 312718.
2, 7, 3191
What are the prime factors of 351049?
23, 15263
What are the prime factors of 2198208?
2, 3, 107
What are the prime factors of 3128862?
2, 3, 11, 47407
List the prime factors of 116747.
116747
What are the prime factors of 8308184?
2, 1038523
What are the prime factors of 9292831?
2011, 4621
What are the prime factors of 11517136?
2, 719821
List the prime factors of 4370121.
3, 7, 71, 977
List the prime factors of 471456.
2, 3, 1637
What are the prime factors of 572904?
2, 3, 73, 109
List the prime factors of 1230746.
2, 11, 43, 1301
What are the prime factors of 170362?
2, 103, 827
What are the prime factors of 419782?
2, 11, 19081
List the prime factors of 12269320.
2, 5, 7, 29, 1511
What are the prime factors of 296860?
2, 5, 14843
List the prime factors of 2754237.
3, 918079
List the prime factors of 3772781.
251, 15031
List the prime factors of 189736.
2, 37, 641
What are the prime factors of 321655?
5, 23, 2797
What are the prime factors of 27920?
2, 5, 349
What are the prime factors of 1475778?
2, 3, 245963
What are the prime factors of 183653?
43, 4271
What are the prime factors of 229462?
2, 31, 3701
List the prime factors of 275412.
2, 3, 59, 389
What are the prime factors of 2035629?
3, 37, 6113
What are the prime factors of 1470387?
3, 29, 16901
List the prime factors of 1047618.
2, 3, 11, 13, 37
List the prime factors of 2674049.
7, 17, 23, 977
List the prime factors of 4865471.
13, 131, 2857
What are the prime factors of 6853739?
151, 45389
List the prime factors of 1204310.
2, 5, 120431
What are the prime factors of 8569626?
2, 3, 13, 181, 607
List the prime factors of 679840.
2, 5, 7, 607
List the prime factors of 181229.
127, 1427
What are the prime factors of 235129?
23, 10223
List the prime factors of 169147.
11, 15377
List the prime factors of 184349.
11, 16759
List the prime factors of 389004.
2, 3, 7, 11, 421
List the prime factors of 4544795.
5, 908959
What are the prime factors of 2827944?
2, 3, 7, 31, 181
What are the prime factors of 46112?
2, 11, 131
What are the prime factors of 16483854?
2, 3, 2747309
List the prime factors of 1478395.
5, 457, 647
What are the prime factors of 1706772?
2, 3, 142231
List the prime factors of 5198186.
2, 7, 371299
What are the prime factors of 22403570?
2, 5, 7, 271, 1181
List the prime factors of 210419.
11, 37, 47
What are the prime factors of 434256?
2, 3, 83, 109
What are the prime factors of 31048683?
3, 2341, 4421
List the prime factors of 33439.
7, 17, 281
List the prime factors of 55135.
5, 11027
What are the prime factors of 3288073?
47, 69959
List the prime factors of 155178.
2, 3, 37, 233
What are the prime factors of 5936992?
2, 185531
What are the prime factors of 2724219?
3, 163, 619
List the prime factors of 136197.
3, 37, 409
What are the prime factors of 847675?
5, 41, 827
What are the prime factors of 557829?
3, 61981
What are the prime factors of 968920?
2, 5, 24223
List the prime factors of 11778854.
2, 727, 8101
List the prime factors of 15864.
2, 3, 661
List the prime factors of 346798.
2, 317, 547
What are the prime factors of 1839019?
7, 13, 2887
What are the prime factors of 3334511?
79, 42209
What are the prime factors of 2018715?
3, 5, 134581
List the prime factors of 4073815.
5, 814763
List the prime factors of 136180.
2, 5, 11, 619
What are the prime factors of 316232?
2, 7, 5647
What are the prime factors of 11336?
2, 13, 109
List the prime factors of 91069.
11, 17, 487
What are the prime factors of 280710?
2, 3, 5, 3119
List the prime factors of 576864.
2, 3, 2003
List the prime factors of 9339228.
2, 3, 59, 4397
What are the prime factors of 14010742?
2, 7005371
What are the prime factors of 283606?
2, 141803
List the prime factors of 641297.
31, 137, 151
What are the prime factors of 30477?
3, 10159
List the prime factors of 22840445.
5, 4568089
List the prime factors of 2076654.
2, 3, 283, 1223
List the prime factors of 5484907.
113, 48539
What are the prime factors of 433316?
2, 13, 641
What are the prime factors of 1076306?
2, 7, 11, 29, 241
What are the prime factors of 10071?
3, 373
What are the prime factors of 996418?
2, 498209
List the prime factors of 52037.
17, 3061
What are the prime factors of 1027112?
2, 128389
What are the prime factors of 646225?
5, 25849
What are the prime factors of 445431?
3, 7, 21211
What are the prime factors of 776099?
776099
List the prime factors of 1252660.
2, 5, 62633
What are the 